50529 (base 12) to base 7
613320
-1832a (base 14) to base 15
-13114
Convert 2112152 (base 7) to base 6.
5245502
Convert -2862106 (base 9) to base 14.
-2d05a9
-424135 (base 7) to base 9
-121711
Convert -1e62a (base 16) to base 10.
-124458
What is -154a672 (base 13) in base 11?
-3939461
Convert -38836a (base 13) to base 14.
-275b74
33042344 (base 6) to base 11
613495
Convert -1101443 (base 7) to base 8.
-407562
Convert 16176 (base 8) to base 15.
2264
What is -110220120111 (base 3) in base 5?
-31112420
What is -4802923 (base 11) in base 13?
-1974766
What is -20a6a4 (base 12) in base 10?
-515932
2001002210002 (base 3) to base 14
20338c
Convert b6e99 (base 15) to base 3.
1002111012000
What is -210201201110 (base 3) in base 13?
-11c8b6
-1200454533 (base 6) to base 5
-11422204302
Convert 11011011010011111110101 (base 2) to base 11.
40692a0
Convert 7d3a94 (base 15) to base 5.
3013030024
What is -110100110011100111 (base 2) in base 15?
-4414a
Convert a40 (base 11) to base 13.
756
-11101010110011111110 (base 2) to base 11
-5a7675
Convert 203103223230 (base 4) to base 13.
1bc0b2b
-105362 (base 13) to base 3
-201110012012
Convert 30031400 (base 6) to base 13.
237255
Convert -36911 (base 10) to base 3.
-1212122002
What is 88b85 (base 12) in base 3?
100012211102
Convert 20000000210 (base 3) to base 9.
200023
What is 32670 (base 14) in base 11?
83739
What is -186483 (base 9) in base 10?
-116310
Convert 30311222232 (base 4) to base 7.
40415046
Convert -33530012 (base 6) to base 4.
-3321221120
4765513 (base 9) to base 12
a46633
Convert 521e (base 15) to base 5.
1023404
Convert -1001011011110001100111 (base 2) to base 14.
-485395
-e739a (base 16) to base 12
-39810a
Convert -470870 (base 11) to base 16.
-b68d8
Convert 1430322 (base 11) to base 2.
1001011000100110101011
-a861 (base 15) to base 16
-8b39
What is 141338 (base 16) in base 7?
14116454
What is -1221011102121 (base 3) in base 15?
-15434a
What is 16748 (base 9) in base 6?
125242
Convert 1b0b593 (base 12) to base 14.
a96cc7
-2030220010 (base 4) to base 3
-1002021010111
b1a72 (base 13) to base 10
318151
What is -99461 (base 10) in base 2?
-11000010010000101
Convert 3d81 (base 16) to base 7.
63622
Convert -41461301 (base 7) to base 10.
-3493946
What is 49891 (base 10) in base 15?
ebb1
2ab449 (base 15) to base 8
7675366
Convert 3260753 (base 10) to base 8.
14340521
What is -115230 (base 9) in base 13?
-257bb
1908571 (base 10) to base 13
51a942
Convert -7ce65 (base 15) to base 8.
-1411450
101000110111100101111111 (base 2) to base 9
22138106
-2c15b (base 15) to base 12
-6a265
1212221121000 (base 3) to base 4
3310310313
Convert 96441 (base 10) to base 8.
274271
Convert 341a (base 14) to base 11.
6879
What is 104311 (base 6) in base 11?
663a
What is 1664a (base 14) in base 5?
3243442
What is -25620703 (base 9) in base 7?
-212010555
What is 41a602 (base 12) in base 8?
3743742
What is -4261242 (base 8) in base 14?
-219310
Convert -41132034 (base 5) to base 16.
-51652
What is 1454690 (base 11) in base 10?
2495119
Convert 112122022010021 (base 3) to base 11.
4434839
-313544331 (base 6) to base 2
-10100111111101100111111
-10ab1 (base 16) to base 13
-250ca
-1502357 (base 8) to base 11
-271aa7
Convert -77525 (base 11) to base 16.
-1b734
What is 45d18 (base 14) in base 9?
278117
What is 197b32 (base 14) in base 6?
31221412
Convert 6040a (base 14) to base 8.
703572
Convert 11100111110000110 (base 2) to base 13.
4201b
-467077 (base 12) to base 5
-242210211
110303212 (base 4) to base 13
2ca37
603177 (base 8) to base 5
22321041
Convert 422675 (base 13) to base 16.
179e16
-10203033232 (base 4) to base 2
-100100011001111101110
Convert 58701 (base 12) to base 7.
1002343
121512 (base 6) to base 10
10772
2043403 (base 5) to base 12
17984
Convert -22124110 (base 5) to base 10.
-192405
What is -2000201 (base 5) in base 14?
-b59b
118590 (base 14) to base 2
10010010010100000010
What is 1100001111101000 (base 2) in base 11?
34753
Convert 1101010010011000100 (base 2) to base 4.
1222103010
What is 4008759 (base 10) in base 5?
2011240014
-a1254 (base 12) to base 8
-631040
Convert -1021430 (base 7) to base 2.
-11110000010000011
-1457423 (base 8) to base 9
-705700
What is -1463561 (base 7) in base 6?
-4144412
316050 (base 9) to base 12
90a53
What is -1622c7a (base 14) in base 7?
-161102113
Convert 21bb2 (base 13) to base 14.
184c3
2010d (base 14) to base 4
102303301
3602230 (base 7) to base 13
12bbba
What is -522022240 (base 6) in base 14?
-12b99ba
1440715 (base 11) to base 5
1113201232
What is aa9a5 (base 14) in base 4?
1210331011
Convert -83791 (base 14) to base 13.
-b1412
What is -311223210 (base 4) in base 12?
-a72b0
What is -40180 (base 13) in base 6?
-2242101
What is 41423130 (base 5) in base 4?
1103210102
What is 127a43 (base 15) in base 13?
2506c2
Convert -170aa3 (base 12) to base 16.
-6091b
102021 (base 14) to base 15
aaecb
What is -1128589 (base 10) in base 4?
-10103202031
What is -319277 (base 10) in base 11?
-1a8972
Convert 11011010010011110 (base 2) to base 15.
231b9
What is 3104420 (base 5) in base 8?
142662
Convert -657675 (base 9) to base 8.
-1377064
Convert -112000010222 (base 3) to base 13.
-98624
Convert -1a58a1 (base 16) to base 4.
-12211202201
-432333230 (base 5) to base 15
-2651e5
Convert 2243344 (base 8) to base 14.
11b7c8
What is -5155444 (base 8) in base 3?
-2120102220222
What is -43342411 (base 5) in base 6?
-11544222
-155406 (base 10) to base 4
-211330032
Convert 1460815 (base 11) to base 5.
1120121340
What is 67f03b (base 16) in base 6?
401555403
What is -13de68 (base 15) in base 2?
-11101001111110100101
1040034401 (base 5) to base 8
10515705
-614178 (base 11) to base 2
-11110000110101101101
Convert -13403204 (base 5) to base 4.
-201223021
Convert -114222344 (base 5) to base 14.
-100671
133269 (base 11) to base 7
1531105
-13b8195 (base 12) to base 14
-7566c1
What is -1303312 (base 6) in base 12?
-34b38
Convert 43305523 (base 6) to base 15.
1a5810
Convert c420c2 (base 13) to base 6.
242013212
-186407 (base 11) to base 12
-119a80
What is 5211132 (base 7) in base 15?
c5150
662236 (base 7) to base 3
12220012111
Convert -202301330 (base 4) to base 15.
-2c325
3131402 (base 7) to base 6
12031402
-b91ba8 (base 14) to base 16
-5f9fe8
What is 62849 (base 10) in base 7?
351143
Convert 1332071 (base 8) to base 11.
235944
-10100001111100000 (base 2) to base 15
-19877
What is 333659 (base 12) in base 8?
3067345
841c27 (base 14) to base 3
22101122212120
What is 15011351 (base 6) in base 13?
150472
What is -586134 (base 10) in base 16?
-8f196
What is 12452426 (base 8) in base 13?
7619c3
Convert -845488 (base 9) to base 7.
-4162361
Convert -346414 (base 7) to base 14.
-189b4
What is -156985 (base 11) in base 6?
-5114544
Convert -165025544 (base 7) to base 6.
-1042115522
What is -102a68 (base 16) in base 2?
-100000010101001101000
Convert -5eb451 (base 16) to base 8.
-27532121
Convert 161181 (base 11) to base 10.
250438
What is 676545 (base 8) in base 9?
377651
What is -36912 (base 15) in base 14?
-47687
-2040143 (base 5) to base 12
-17686
Convert -b259a (base 14) to base 5.
-102213210
Convert -23b15 (base 13) to base 10.
-65590
What is -1040012310 (base 5) in base 3?
-11021011011102
6036564 (base 7) to base 2
10101110101010110110
Convert 32400121 (base 5) to base 12.
114b81
-3b1bf0 (base 16) to base 14
-72ba24
What is -230005 (base 8) in base 16?
-13005
Convert 250011510 (base 7) to base 8.
73547011
Convert -100000011001101101 (base 2) to base 3.
-20202001110
81756 (base 13) to base 8
705003
Convert 67772 (base 14) to base 11.
161792
76aa9 (base 16) to base 7
4063035
What is 13444b (base 15) in base 9?
1660758
What is 13114572 (base 8) in base 9?
5444377
Convert 267842 (base 11) to base 13.
1193b2
-121200100111 (base 3) to base 6
-11011534
Convert -1100122120 (base 3) to base 7.
-140616
11a86 (base 16) to base 7
420602
-169297 (base 10) to base 13
-5c09b
Convert -192623 (base 11) to base 3.
-120001100121
-11023131330 (base 4) to base 9
-2488356
What is 100110101001100000010100 (base 2) in base 7?
152054555
-50217463 (base 8) to base 9
-21773546
-201211223 (base 5) to base 16
-c4462
10110110100110101 (base 2) to base 10
93493
What is -a151b1 (base 13) in base 7?
-43620035
Convert -574abc (base 13) to base 11.
-1191a94
What i